h - 4*m. What is the units digit of (-18)/h + (-1502)/(-15)?
0
Let u be (-6)/(-33) - (-403)/143. Suppose -2*l + u*d - 329 = -1350, 0 = -4*l - 3*d + 2087. What is the hundreds digit of l?
5
Suppose -1 = 2*o - z - 2, 5*o + 5*z = 40. Suppose 3*a + c - 1034 = 0, -o*a + 0*c + 1018 = 5*c. What is the hundreds digit of a?
3
Let o(i) = 15*i**2 + 2*i - 34. Let t be o(7). Let m = t - 438. What is the tens digit of m?
7
Suppose 53600 = 13*j - 5*j - 155224. What is the ten thousands digit of j?
2
Let o = 5225 - -1763. What is the units digit of o?
8
Suppose z = 2205 + 2913. Suppose -24*r + 4*l - z = -29*r, 4*l = 8. What is the hundreds digit of r?
0
Suppose -60*t + 806845 = -396095. What is the tens digit of t?
4
Suppose 8*q - 198 = 17*q. Let r = q - -27. What is the units digit of 11/1 + (1 - r)?
7
Suppose -9 = -3*g - 3*n, g - 3*g - 3*n + 2 = 0. Let k(o) = -o**3 + 28*o**2 - 52*o + 3. Let t be k(26). Suppose g*d = t*d + 452. What is the units digit of d?
3
Let x be 70/(-28)*(-6)/(-5). What is the tens digit of (315/(-30))/(x/68)?
3
Let y(r) = 889*r - 242. Let u be y(5). Let t = u - 2522. What is the tens digit of t?
8
Suppose 47 = 4*b - 549. Suppose -y = 37 - b. What is the units digit of y?
2
Let h(l) = 22*l - 30. Let t be h(-16). Let j be t/6*-1 + 24/(-36). Let i = 176 - j. What is the units digit of i?
3
Let d be 2/16 - (-1596)/32. Let m = d - 41. Suppose -m*k = -10*k + 86. What is the units digit of k?
6
Let v(j) = -5160*j**3 + 4*j**2 + j + 2. What is the hundreds digit of v(-1)?
1
Let n = 90 + -52. Let v = n + 206. What is the tens digit of v?
4
Let r = 64 + -350. Let l = r - -1111. What is the hundreds digit of l?
8
Suppose 2*q - 6166 = a, 2*q - 3855 = -a + 2319. What is the hundreds digit of q?
0
Suppose -4*p = 5*a + 144 - 355, 3*a - 58 = -p. Let c = 49 - p. Suppose -3*t + 5*o + 276 = c, t + 0*o - 94 = o. What is the tens digit of t?
9
Let s be ((-2)/(-4))/((-3)/(-66)). Let p be 2/s + (-7)/((-77)/1593). Suppose 2*f - 111 = -2*b + p, 3*b = -f + 388. What is the units digit of b?
0
Let r = 261 + -669. Let b = 6 - r. What is the units digit of b?
4
Suppose 0 = -4*j - 3*r + 1644, -7*j = -6*j + 3*r - 411. Suppose z - 375 = 4*f, j = 2*z + f - 294. What is the tens digit of z?
5
Suppose -149 - 37 = -31*q. Suppose 3*b = -q, -8*b - 614 = -l - 9*b. What is the units digit of l?
6
Suppose -216 = 7*a - 181. What is the hundreds digit of a + -3493*((-26)/(-7) - 4)?
9
Suppose -5*l = 3*m - 124162, 3*l - 34*m = -33*m + 74514. What is the units digit of l?
6
Let w be (1884/9)/((-24)/(-108)). Let q = -602 + w. What is the tens digit of q?
4
Suppose 0 = -191*v + 176*v + 137235. What is the hundreds digit of v?
1
What is the hundreds digit of 2/(-15) - (6 + -9 + (-767358)/135)?
6
Suppose -3*s - 3*g + 9 = 0, 7 = 4*s - 2*s + 3*g. Let x be (6/5)/(1/15*s). Suppose 0 = v - 4*v + x, -3*i = 2*v - 261. What is the tens digit of i?
8
Suppose -21721 = -z + 3*d, -40*z - 2*d - 21721 = -41*z. What is the tens digit of z?
2
Let h be (0 - 0)/(8/8) + -32. Let j = h + 34. What is the tens digit of (-4 - (-3 + 0 + j)) + 154?
5
Let r = -26 - -32. Let z = 8 - r. Suppose z*n + 300 = 3*s, 0 = s - n + 20 - 121. What is the tens digit of s?
9
Let z(g) = g**3 + 21*g**2 - 3*g - 10. Let w be z(-21). What is the tens digit of (w - -1)/((-34)/(-153))?
4
Let d(h) be the first derivative of 2*h**2 - 73*h + 29. Let t be d(19). Suppose t*i - 632 = -3*v - 203, -i + 4*v = -118. What is the tens digit of i?
3
Let p be (-24)/4 + 4 + -85. Let l = p + 91. Suppose -l*f + 2*x = -746, -5*f + 3*x = 2*x - 934. What is the tens digit of f?
8
Suppose 4*h - 4*h = 37*h - 783623. What is the thousands digit of h?
1
Suppose 17 = i + y, -5*i + y + 43 = -2*i. Let k = 20 - i. Suppose 6*x - 74 = -2*g + 2*x, -k*g + 163 = -x. What is the units digit of g?
3
Let z = 27177 + -15480. What is the tens digit of z?
9
Let m = -502 - -505. Suppose 0 = 5*w + 2*k - 3971, -4*w + m*k + 1437 = -1726. What is the hundreds digit of w?
7
Suppose 9 = -f - 3*b, -2*b = 4*f - b + 25. Suppose 0 = 2*p + 5*y + 280 + 115, 4*p + 2*y + 782 = 0. What is the units digit of -3 + p*f/9?
7
Let n = 31 + 43. Let l = n + -69. Suppose -z + b = -111, -5*z - l*b + 168 = -347. What is the hundreds digit of z?
1
Let f = 86 - 47. Let h be 6/(-3)*2/(-4)*f. What is the hundreds digit of h/26*(-496)/(-6)?
1
Let y(p) = 2*p**2 - 30*p - 147. Let x be y(-4). Let j(h) be the second derivative of h**5/20 + h**4/4 - h**3 + h**2 - h. What is the tens digit of j(x)?
7
Let t = 743 - -4062. What is the hundreds digit of t?
8
What is the units digit of 72/(-126) - (2 + 1722780/(-42))?
6
Suppose 52 = -0*c + 4*c. Let z(o) = -2 - o**3 - 3 + 13*o**2 + 4*o - 4 + 11. What is the units digit of z(c)?
4
Suppose -4*v + 2 = -5*v, -5*q - v - 24427 = 0. Let l = q + 2308. What is the tens digit of (l/(-15) + 2/10)/2?
8
Let t(v) be the third derivative of -1/12*v**4 + 67/60*v**5 + 0*v + 2*v**2 + 0 - 1/3*v**3. What is the units digit of t(-1)?
7
Let t be (2 - (-5)/(-2))/((-2)/16). Let i be -5 + t - (-2 + -1). What is the units digit of -7 + 84 - i*-1?
9
Let i(b) = b**3 - 26*b**2 + 15*b - 37. Let o(g) = 2*g**3 - 38*g**2 + 23*g - 55. Let s(z) = -8*i(z) + 5*o(z). What is the tens digit of s(-9)?
6
Suppose 4*s - 41155 = -3*b, 0 = 2*b - 6 + 4. What is the ten thousands digit of s?
1
Suppose 0 = -3*f + 2*k - 634, 638 = -5*f + 2*f + 4*k. Let s be (-2)/(-14) + (-1650)/f. Suppose 11*t - s*t = 723. What is the tens digit of t?
4
Let s(v) = 2*v**2 - 2. Suppose 5*m - 30 = -5*o, -m + 14 + 20 = 5*o. Suppose -f - 10 + o = 0. What is the tens digit of s(f)?
1
Let k = -17914 - -30481. What is the thousands digit of k?
2
Let a(i) = i**3 + 21*i**2 - 9*i - 30. Let q be -26 - (-1)/((-7)/(-42)). What is the tens digit of a(q)?
5
Let o = 403 - 386. Let v be (-42)/(-4)*4/6. Let j = v + o. What is the units digit of j?
4
Let z(a) = a**3 - 3*a**2 - 2. Let t be z(4). Let f be 56/t - (1 - 0)/1. Suppose f*g - 58 = 635. What is the tens digit of g?
3
Let c be 3759/4 + (-7)/((-28)/(-3)). What is the hundreds digit of c*(-2)/(-3) + 7?
6
Suppose -16141 = 10*l + 18319. What is the hundreds digit of (-3)/(-12) + l/(-8)?
4
Let y(w) = 42*w**2 - 15*w - 92. What is the units digit of y(-4)?
0
Suppose r + 51 = -11. Let o = -62 - r. Suppose o = 2*b - 46 - 18. What is the units digit of b?
2
Let u = -17 + 159. Suppose -u = 3*k + 4*a, 2*k - a - 3*a = -88. Let h = k + 149. What is the units digit of h?
3
Let i = 77 + -85. What is the tens digit of (-20)/(1124/(-140) - i)?
0
Suppose 0 = -2*f - 2*p + 56914, -160 = 5*p - 195. What is the units digit of f?
0
Let k = 3894 - -4211. What is the tens digit of k?
0
Let i(j) = -7*j + 38. Suppose -25 = -4*r - 5. Let t be i(r). Suppose 4*s + 4*d + d - 1138 = 0, -t*s + 857 = 2*d. What is the hundreds digit of s?
2
Let u be (-660)/8*(-1 - (-175)/15). Let b = u - -1535. What is the tens digit of b?
5
Let t = 570 + -567. Suppose -3*o = -4*v - 4280, t*v - 10237 = -5*o - 3152. What is the tens digit of o?
2
Let d = 2773 + -1432. Suppose 0 = 114*t - 111*t - d. What is the hundreds digit of t?
4
Suppose 6*a - 583*t + 581*t = 237636, -2*a - t = -79222. What is the ten thousands digit of a?
3
Let l be (-5 + 4)*(6 + 0). Let s be (-984)/54 + (-3 - (-29)/9). What is the units digit of (-842)/l - (-6)/s?
0
Let x be (-7 - -10 - 6) + 1*-11. Let q(n) = -42*n - 66. Let k be q(x). Let b = -339 + k. What is the units digit of b?
3
Let l = 53 + -46. Suppose -x + l = f, -2*f = -5*x + 6 + 8. What is the units digit of (3 + 9/6)*x/3?
6
Suppose 5*o + 3*v = -277, 0*v = 2*o + v + 110. Let s = o + 57. What is the hundreds digit of 3/4 - (-469)/s?
1
Suppose 2*x - 4*x + 4*v = -10320, 0 = 8*x - 3*v - 41306. What is the hundreds digit of x?
1
Suppose -2*d + 5*x + 9197 = -14600, -4*d + 47589 = -5*x. What is the hundreds digit of d?
8
Let f(u) = 8*u**2 - 85*u - 1104. What is the hundreds digit of f(-15)?
9
Suppose -1437 = -r - 3*b + 1245, -2*b = -3*r + 8057. What is the tens digit of r?
8
Suppose 105*s + g = 109*s - 70720, 3*s - 2*g = 53040. What is the ten thousands digit of s?
1
Suppose 5*f = -21 + 1. Let k be (31 - 2)/((-4)/f). Suppose z - k = c, -7*c = -2*c + 20. What is the units digit of z?
5
Let a be -1 - -7 - (-1 + (0 - -5)). Suppose -5*t + a*u = -39, 0 = -5*t + 3*u + u + 33. What is the tens digit of 381/4 + t/(-36)